 - 14 = -s - n. What is the units digit of s?
5
Let w = -3 + 6. Suppose -w*m = -0*m - 24. Suppose 2*q = -2*q + m. What is the units digit of q?
2
Let i(y) be the second derivative of y**5/60 + 7*y**4/24 - y**2/2 + y. Let n(b) be the first derivative of i(b). What is the units digit of n(-8)?
8
Suppose -q = 4*z - 368, 3*z + z = 2*q + 380. What is the tens digit of z?
9
Suppose -3*i = -218 - 28. Suppose -5*p + 0*h + i = -4*h, 3*p + 2*h = 36. What is the units digit of p?
4
Let u(y) = -y**3 + 13. Let c be 3/(-6)*(-2 - -2). What is the tens digit of u(c)?
1
Let r(u) = -u**3 - u**2 + 2*u + 1. What is the units digit of r(-5)?
1
Let m = -1 - 11. Let z(d) = -d**2 - d - 5. Let x be z(-4). Let q = m - x. What is the units digit of q?
5
Suppose 5 - 2 = o. Let h(z) = -z + 4. Let y be h(0). Suppose -4*a + y = 4*g, -o*a + 11 = -5*g - 0. What is the units digit of a?
2
Suppose -15 = -4*m - 3. Suppose 5*f = m*v + 31 - 2, -3*f - 2*v = -6. What is the units digit of f?
4
What is the units digit of 2/8 + (-182)/(-8)?
3
Suppose 2*d = 73 - 29. Let o = d + -11. What is the tens digit of o?
1
Suppose -5*t + 6 = 1, 2*q + 5*t - 81 = 0. What is the tens digit of q?
3
Let w = -2 - -3. Let q(f) = 10*f - 12*f + 0 + 1 + 2*f**2. What is the units digit of q(w)?
1
Let m(l) = -86*l**3 - l**2 - 2*l. What is the tens digit of m(-1)?
8
Suppose -3*k = 2*j - 4, j + 0*k - 4*k + 9 = 0. Let v be -2 + (j - 77)/(-3). Suppose -3 - 3 = -u - 2*x, 4*x = 4*u - v. What is the units digit of u?
6
Let m(n) = 2*n**3 + n**2 - n + 1. What is the units digit of m(1)?
3
Suppose -3*b + 108 = -0. What is the units digit of b?
6
Suppose -3*z - 3*q = 12, -q = 3*z - 2*q - 4. Suppose z = 4*r - 8 - 8. What is the units digit of r?
4
Let o = 1 - -2. Suppose -19 = -o*q + 2. What is the units digit of q?
7
Suppose z + 3*z = 0. Let q = z - -12. What is the units digit of q?
2
Suppose 0 = a - 3*o - 1, 10 = a + 2*o + 4. Suppose 0*d - 3*k + 13 = a*d, 0 = -2*d - 5*k - 11. Let p(f) = f - 4. What is the units digit of p(d)?
3
Let q be (20/6)/((-4)/(-6)). Suppose q = 3*r - 1. Suppose 4*s = m - 14, -r*m = -0*m - 4*s - 28. What is the units digit of m?
4
Suppose -f - 43 - 250 = -3*n, -n + 3*f = -111. What is the units digit of n?
6
Let x(p) = -4*p - 6. Let a(f) = -f. Let c(m) = 5*a(m) - x(m). What is the tens digit of c(-6)?
1
Suppose -m = -2*k + 2*m + 197, -5*m = -25. What is the hundreds digit of k?
1
Let a = -6 - -72. What is the units digit of a?
6
Let v(y) = 2*y**2 - 9*y - 9. What is the units digit of v(13)?
2
Suppose -10*y = -2189 - 991. What is the tens digit of y?
1
Suppose 0 = -2*q - 0*k + 5*k - 4, -q + 2*k - 1 = 0. Let t = q + 20. What is the units digit of t?
3
Suppose -3*p - 2*p = 4*z - 161, -z + 4 = 0. What is the units digit of p?
9
Let q be -1 + 0 + (3 - -14). Suppose 3*h + q = -3*v - 5, 0 = -5*h + 3*v - 19. Let c = -1 - h. What is the units digit of c?
4
Let f = 93 + 44. What is the tens digit of f?
3
Suppose 0 = l - 3, -3*g + 4*l = -8*g + 102. Suppose 3*p - p + 2*m = -12, g = -3*p - 5*m. What is the units digit of 14*(2 + p/4)?
7
Let u(b) = 12*b + 2. What is the tens digit of u(4)?
5
Let u = 64 + -26. What is the units digit of u?
8
Let n = -9 + 90. What is the tens digit of n?
8
Let t be 50/(-5) + (0 - 3). What is the tens digit of 2*(-2)/4 - t?
1
Suppose 3*i = -b + 19 - 7, -9 = -3*i. Suppose 6*w - b*w = 15. What is the units digit of w?
5
Let n(y) = 23*y - 16. What is the tens digit of n(5)?
9
Suppose 4*p - 258 = p. Suppose -4*o + 77 = 5*c, -6*o = -o - 4*c - p. What is the units digit of o?
8
Let l = -4 + 2. Let h = 0 - 0. What is the units digit of l*(-3 + (1 - h))?
4
Suppose 6*k - 6 = 4*k. Suppose 4*u + k = -1. What is the units digit of (-1 - 0)/(u/7)?
7
Suppose -4*b + 2*b + 10 = 0, -2*z - b = -13. What is the units digit of z?
4
Let y = 28 + -24. Suppose 42 = y*r - 58. What is the units digit of r?
5
Suppose 6 = -4*z - 2. Let n = 0 + z. What is the units digit of 4 + 3/3*n?
2
Suppose 0 = 3*o + 3*f - 6, 2*o - 2 = -3*f + 1. Let u be (13/o)/(2/(-6)). Let g = u - -24. What is the units digit of g?
1
Suppose -3*a - 2*a + 3*h - 23 = 0, -a = -3*h + 7. Let m = 14 + a. Let q = m + -1. What is the units digit of q?
9
Suppose 4*g = -t + 241, -4*g + 56 = -3*g - 4*t. Let u = 2 + -5. What is the units digit of (3 + g/(-9))*u?
1
What is the units digit of -3 + (-11)/((-4)/4)?
8
What is the tens digit of (-84)/(-112) - (-98)/8?
1
Suppose -2 = -t - 1. Suppose -2*f + 7*f = 4*b - t, -2*f + 6 = 0. What is the units digit of b?
4
Suppose 0 = -10*r + 465 + 35. What is the tens digit of r?
5
Let r(c) = -3*c - 1. Let k be r(2). Let o = 6 - k. What is the tens digit of o?
1
Let a(k) = k**2 - k - 4. Let w(q) = 1 - 4 + 7 - q**2. Let x be w(0). What is the units digit of a(x)?
8
Let f = -13 + 14. What is the tens digit of -50*(21/(-15) + f)?
2
Suppose 2*a - 3 = 1. Suppose p = a*g - 152, 4*p - 3*p + 2 = 0. Suppose -3*u = 2*u - g. What is the tens digit of u?
1
Let l be (3 - 0)*(10 - 9). Suppose l*m = 3 + 9. What is the units digit of m?
4
Suppose 5*u - 5*s - 80 = 0, -4*u + 0*s = -3*s - 68. Let i = u - 11. Suppose 0 = -4*l + 15 + i. What is the units digit of l?
6
Let w(u) = u**2 - u + 9. What is the units digit of w(8)?
5
Let o(w) = -w**2. Let p(a) = 2*a**2 - a + 1. Let h(r) = -3*o(r) - p(r). What is the units digit of h(-4)?
1
Let c be 3*(2 - 2 - -1). Let p be (0 - (0 + 1)) + c. Suppose -p = -y + 1. What is the units digit of y?
3
What is the tens digit of (50/(-2) + (-4)/(-12))*-12?
9
Let k(o) = -o**3 + 10*o**2 + 10*o - 6. What is the hundreds digit of k(9)?
1
What is the units digit of (67/(-3))/(4/(-24))?
4
Let b be (-2 - 0 - -4)*1. Suppose -3*h = -10 - b. Suppose 0 = -v + 4*n + 13, v + n - h*n - 12 = 0. What is the units digit of v?
9
Suppose -3*l = 4*p - 1046, -611 + 87 = -2*p - 2*l. What is the hundreds digit of p?
2
Suppose -4*p = -2*f - 112, 118 = -f - f + 2*p. What is the tens digit of f/(-6) + 12/18?
1
Let a(b) be the first derivative of b**3/3 + b**2/2 - b - 1. Let m be a(-1). Let z = m + 2. What is the units digit of z?
1
Suppose 0 = 4*k - 0*k + 4. Let h(l) = -6 + 11 + 15*l**2 + 2 - 8. What is the tens digit of h(k)?
1
Let i = -1 + 3. Let v = i + 3. Suppose 0*c = 5*k - 3*c - 14, v*c = 5*k - 20. What is the units digit of k?
1
Suppose 0 = 5*j - 5*q, 17 + 3 = -j + 5*q. Suppose 113 = 4*m - d, -j*m - 2*d + 154 = d. What is the tens digit of m?
2
Suppose -5*z + 2*z - 38 = -l, l - 38 = 5*z. What is the units digit of l?
8
Let l be 4 + -4 + (2 - 0). Suppose -l*v - 12 = -34. What is the units digit of v?
1
Let x(a) = 38*a - 1. What is the units digit of x(2)?
5
Let i be (3/((-3)/2))/(-1). Suppose i*n = -y + 6, 17 = 5*n - 3*y + 2. What is the units digit of n?
3
Suppose -2*v - v = 12. Let n = v + 11. What is the units digit of n?
7
Let d(c) = -c. Let l(n) = 2*n + 6. Let j(a) = a + 3. Let b(w) = -5*j(w) + 3*l(w). Let o(y) = -b(y) - 2*d(y). What is the units digit of o(9)?
6
Let o = 208 + -76. Suppose 0 = -4*m + o + 4. What is the tens digit of m?
3
Suppose -17*s + 11*s = -1914. What is the hundreds digit of s?
3
Suppose p + 5 - 19 = -3*c, 0 = c + 2*p - 13. Suppose -3*o = 4*u - 70, -c*o - 22 = -2*u + 22. What is the units digit of u?
9
Let z = 3 - 0. Suppose -a = -7 + z. Suppose 0 = -3*w + 3*j + 3, -a*j - 5 = 5*w - 37. What is the units digit of w?
4
Let f = 106 - 11. What is the units digit of f?
5
Suppose 3*m - m - 64 = 0. Let p = m + -23. What is the units digit of p?
9
Suppose 2*v = z + 84, 5*v - 221 = -5*z + 2*z. What is the units digit of v?
3
Let g(r) = -r**2 + 9*r - 8. Let p(m) = -8 - m + 6 + 0*m. Let z be p(-8). What is the tens digit of g(z)?
1
Suppose -3*q + 0*f + 19 = -2*f, 0 = 5*f + 25. Let n(p) = -p**3 + 2*p**2 + 4*p - 1. What is the units digit of n(q)?
2
Let i(k) = 3*k**2 + k - 2. Let u be 8/6*12/(-8). What is the units digit of i(u)?
8
Suppose -2*b - 5*d + 289 = 0, 5*b - 42 - 646 = -d. What is the units digit of b?
7
Suppose 5*o = -4*p + 494, 2*p - 4*p + 246 = 3*o. What is the hundreds digit of p?
1
Suppose -5*a = -a - 248. What is the units digit of 36/198 - a/(-22)?
3
Suppose i - 75 = -4*i. What is the tens digit of i?
1
Suppose -294 - 21 = -5*n. What is the tens digit of n?
6
Let c be ((-7)/4)/(4/(-16)). Suppose n + 4*m = 5, -4*n + 2*m + 9 = c*m. What is the units digit of n?
1
Suppose 2*c + c -